 l(-15).
9
Let u(t) = -2*t**3 + 4*t**2 + 91*t + 696. Give u(10).
6
Let q(t) = -445*t + 1328. Give q(3).
-7
Let d(x) = 625217*x + 2500865. Calculate d(-4).
-3
Let j(q) = -q**2 - 214*q - 8487. Calculate j(-161).
46
Let s(a) = 1883*a - 16481. Calculate s(9).
466
Let b(n) = n**2 + 131676*n - 6322735. Determine b(48).
17
Let s(w) = -w**3 + 390*w**2 - 875*w + 38442. Determine s(388).
30
Let x(t) = -2*t**3 + 75*t**2 + 710*t - 27654. Give x(37).
-15
Let d(o) = 395*o + 5512. Calculate d(-9).
1957
Let q(j) = 1660*j + 283104. What is q(-170)?
904
Let p(m) = -98036*m - 98030. Calculate p(-1).
6
Let j(m) = -1206*m + 42234. Determine j(35).
24
Let d(y) = -4*y**3 - 38*y**2 + 257*y + 1008. Calculate d(-13).
33
Let d(t) = 189*t**2 + 257*t. What is d(-1)?
-68
Let u(x) = -3*x**2 - 129985*x - 1819221. Determine u(-14).
-19
Let c(b) = b**3 - 85*b**2 + 568*b + 13683. Calculate c(75).
33
Let m(f) = -372455*f + 3724539. Determine m(10).
-11
Let s(x) = 18134*x - 36269. What is s(2)?
-1
Let s(g) = -g**3 + 24*g**2 - 16*g + 58. Give s(0).
58
Let c(d) = 2*d**2 - 140*d + 2306. Give c(18).
434
Let y(m) = -7978*m - 79707. Calculate y(-10).
73
Let w(c) = 521*c**2 - 5729*c - 59. What is w(11)?
-37
Let w(o) = 853*o**2 + 5539*o + 15. What is w(-6)?
-2511
Let o(u) = -38*u**2 - 838*u + 9063. What is o(-30)?
3
Let y(t) = -39513*t - 237123. What is y(-6)?
-45
Let y(j) = -67*j**2 - 589*j + 125. What is y(-9)?
-1
Let g(m) = -438*m - 613. Give g(-1).
-175
Let j(q) = -394927*q + 1974635. Give j(5).
0
Let l(c) = 147448*c - 4865808. Give l(33).
-24
Let y(u) = -u**3 - 79*u**2 - 973*u - 3019. Calculate y(-5).
-4
Let w(l) = 8*l**2 - 551*l - 1487. Determine w(71).
-280
Let t(h) = -52*h - 3013. Give t(2).
-3117
Let t(c) = 5*c**2 - 298*c + 733. Determine t(57).
-8
Let h(s) = 11*s**2 - 2153*s - 380. Determine h(196).
208
Let d(r) = -r**2 - 9147*r - 283306. Give d(-31).
-710
Let r(n) = 24*n**2 + 26580*n + 26579. Determine r(-1).
23
Let g(d) = 19*d**2 + 1285*d + 294. Give g(-67).
-510
Let x(o) = -16334*o + 163343. Calculate x(10).
3
Let u(c) = -c**2 + 195*c + 23984. Determine u(282).
-550
Let s(k) = -6*k**3 - 3889*k**2 - 264369*k + 2275. Determine s(-571).
-9
Let d(u) = -103*u**2 - 15749*u + 1548. Give d(-153).
18
Let f(z) = -219*z - 2118. What is f(-11)?
291
Let f(o) = -o**3 + 100*o**2 - 1305*o - 59. Determine f(17).
1743
Let u(n) = -n**3 - 21*n**2 + 141*n - 336. Give u(3).
-129
Let l(g) = 25809*g - 30790141. What is l(1193)?
-4
Let j(p) = -4599*p**2 + 4624*p - 40. Calculate j(1).
-15
Let y(m) = 187962*m + 187956. Give y(-1).
-6
Let c(q) = -2*q**3 - 875*q**2 - 1359*q - 22212. Calculate c(-436).
24
Let f(o) = 4*o**3 - 25*o**2 + 24*o - 284. Give f(7).
31
Let d(i) = i**3 + 364*i**2 - 85214*i + 294. Give d(162).
-30
Let r(j) = j**3 + 65*j**2 + 534*j + 25340. Calculate r(-63).
-364
Let c(t) = 10*t**2 - 64*t - 1012. Determine c(-13).
1510
Let b(t) = -4095*t - 44880. Determine b(-11).
165
Let b(s) = 53793*s + 376535. Calculate b(-7).
-16
Let h(u) = -365*u + 81502. Give h(221).
837
Let l(d) = 7388*d - 73899. Calculate l(10).
-19
Let j(b) = b**2 - 64*b - 74. What is j(63)?
-137
Let o(m) = -1695*m + 642. Calculate o(1).
-1053
Let a(d) = -48574*d + 194399. Determine a(4).
103
Let t(i) = 9*i**2 + 232*i + 864. Give t(-6).
-204
Let x(o) = -7*o**3 - 38*o**2 - 971*o - 4777. Determine x(-5).
3
Let m(a) = -3*a**2 + 804997*a - 804999. What is m(1)?
-5
Let k(u) = -2168*u + 78602. What is k(36)?
554
Let u(f) = 9724*f - 1176623. Calculate u(121).
-19
Let a(y) = -y**3 + 1829*y**2 + 53865*y - 487. Calculate a(-29).
6
Let b(k) = -13*k**2 + 188*k - 92. Determine b(14).
-8
Let d(p) = -24403*p - 48835. Determine d(-2).
-29
Let a(s) = -5*s**2 + 3204*s - 15896. Determine a(5).
-1
Let g(v) = 2*v**2 - 3986*v + 54997. Determine g(14).
-415
Let d(g) = 78*g**3 - 127*g**2 + 251*g + 4. Determine d(2).
622
Let h(b) = b**3 - 42*b**2 - 206*b + 10633. Determine h(40).
-807
Let a(n) = -380*n**2 - 37*n + 16. Give a(1).
-401
Let k(h) = -1137*h - 12434. Calculate k(-11).
73
Let o(k) = -3*k**3 - 125*k**2 + 85*k + 1740. Determine o(-42).
-66
Let m(q) = -173*q**2 + 27855*q - 368. Give m(161).
-46
Let k(i) = -3*i**3 + 10*i**2 + 65*i - 171. Calculate k(2).
-25
Let h(b) = 34131*b - 238914. Give h(7).
3
Let x(f) = f**3 - 2*f**2 - 45*f - 232. Calculate x(15).
2018
Let b(i) = -2502*i + 37588. What is b(15)?
58
Let c(x) = -x**2 - 11761*x + 1150131. Give c(97).
-95
Let a(d) = -7*d**2 - 221*d + 1109. Determine a(6).
-469
Let y(v) = 411*v**3 - 7*v**2 + 7166*v + 7172. Calculate y(-1).
-412
Let t(p) = 21*p**2 + 224*p + 1537. Give t(-8).
1089
Let w(u) = -10200*u + 101992. Give w(10).
-8
Let f(p) = 158*p**2 + 4673*p - 9348. Give f(2).
630
Let t(u) = 222*u + 21578. Calculate t(-97).
44
Let p(r) = -r**3 + 27*r**2 - 139*r + 31. Determine p(10).
341
Let b(s) = s**3 - 7*s**2 + 3279*s - 13083. Determine b(4).
-15
Let g(u) = -1364*u**3 - 5*u**2 - 16*u - 10. What is g(-1)?
1365
Let c(x) = 23*x**2 - 2955*x - 10685. Determine c(132).
7
Let j(n) = 38433*n + 26941535. Determine j(-701).
2
Let m(x) = 18*x**2 + 69*x - 31. Determine m(-7).
368
Let d(s) = -s**3 + 102*s**2 - 898*s - 2333. Calculate d(92).
-309
Let z(i) = -197903*i - 1187420. What is z(-6)?
-2
Let t(h) = -h**3 + 87*h**2 + 351*h + 10027. Calculate t(92).
-1
Let y(a) = -5*a**2 - 22*a + 300. Calculate y(16).
-1332
Let p(c) = 3*c**2 + 47*c + 188. Calculate p(-6).
14
Let d(q) = -35*q**2 - 1622*q + 11613. Calculate d(7).
-1456
Let d(m) = -8*m**2 + 10009*m + 508301. Determine d(1300).
1
Let s(x) = 4*x**3 - 645*x**2 - 497*x + 1793. Determine s(162).
11
Let s(t) = -54*t**3 - 6*t**2 + 81*t + 92. What is s(-1)?
59
Let v(l) = 33*l**2 + 3670*l + 32977. Give v(-9).
2620
Let b(h) = -7268*h - 341280. Determine b(-47).
316
Let l(i) = -3*i**2 + 901*i - 61004. Determine l(197).
66
Let k(l) = -l**3 + 32*l**2 - 239*l - 146. What is k(19)?
6
Let s(o) = 360*o - 275. Give s(4).
1165
Let x(c) = 2*c**3 + 22*c**2 - 760*c - 8837. Calculate x(-12).
-5
Let x(b) = -30*b**3 + 361*b**2 - 536*b + 6282. Determine x(12).
-6
Let i(r) = r**2 - 105*r - 445. Calculate i(109).
-9
Let k(q) = 22*q**3 - 9741*q**2 - 2214*q - 445. Calculate k(443).
-2
Let j(o) = -o**3 - 76*o**2 + 10*o - 154. Give j(6).
-3046
Let s(y) = -y**2 - 46*y + 6017. Give s(54).
617
Let o(t) = -22*t**2 - 182*t + 608. Give o(-11).
-52
Let h(y) = -y**3 - 14*y**2 - 22*y + 150. Determine h(-11).
29
Let n(k) = 80*k**2 + 810*k + 1618. Calculate n(-2).
318
Let s(v) = -3007*v - 171404. Calculate s(-57).
-5
Let o(v) = v**3 + 55*v**2 - 917*v + 450. Calculate o(13).
21
Let o(q) = 22*q**2 - 233*q + 1461. Give o(10).
1331
Let u(w) = 3263*w - 22775. What is u(7)?
66
Let u(t) = -t**3 - 33*t**2 - 118*t + 348. What is u(-28)?
-268
Let z(s) = 1888*s + 20350. What is z(-12)?
-2306
Let o(u) = 72240*u + 4334397. Give o(-60).
-3
Let h(m) = 17808*m - 1798599. Calculate h(101).
9
Let v(s) = -9*s**2 + 28933*s + 57877. Calculate v(-2).
-25
Let q(v) = -8*v**3 + 248*v**2 - 89*v + 2739. What is q(31)?
-20
Let u(o) = 10*o**2 + 1567*o + 2633. What is u(-155)?
-2
Let x(u) = -28707*u + 143551. What is x(5)?
16
Let k(b) = 4*b**2 + 88*b - 2009. What is k(18)?
871
Let w(s) = -15*s**3 - 3988*s**2 + 490*s - 11162. What is w(-266)?
10
Let f(r) = -r**3 + 6*r**2 + 53*r - 225. What is f(4)?
19
Let w(r) = -2*r**3 + 633*r**2 - 1375*r - 61233. What is w(314)?
-3
Let b(j) = -2*j**3 - 54*j**2 - 55*j + 43. Give b(-26).
121
Let u(p) = -655*p - 197219. Determine u(-301).
-64
Let v(f) = -3*f**3 - 2*f**2 + 1036*f - 7136. Determine v(7).
-1011
Let c(o) = 8*o**2 - 546*o + 32. What is c(68)?
-104
Let c(u) = 11*u**3 - 4806*u**2 - 421*u - 6941. Give c(437).
51
Let h(u) = 16*u**2 + 1144*u - 575. Calculate h(-72).
1
Let q(g) = 2256*g + 13517. Determine q(-6).
-19
Let w(k) = 2*k**2 + 218*k + 1109. Give w(-101).
-507
Let b(g) = g**3 + 860*g**2 + 53855*g - 68. What is b(-68)?
0
Let o(k) = 85*k - 9374. What is o(115)?
401
Let f(g) = -g**2 + 19020*g - 6296180. What is f(337)?
-9
Let z(k) = 67*k**2 + 2473*k - 2846. Give z(-38).
-72
Let k(x) = 176578*x - 66923060. What is k(379)?
2
Let g(c) = 239*c + 86192. Calculate g(-361).
-87
Let u(d) = -3*d**2 - 296*d + 18462. Calculate u(-142).
2
Let z(q) = -5*q**3 + 75*q**2 + 4373*q - 207. What is z(38)?
-93
Let f(k) = -15121*k + 135750. What is f(9)?
-339
Let o(t) = 967*t + 24195. Calculate o(-25).
